{"id":7,"date":"2020-02-19T14:30:16","date_gmt":"2020-02-19T13:30:16","guid":{"rendered":"http:\/\/vigneron-independant-provence13.fr\/?page_id=7"},"modified":"2023-09-11T23:22:20","modified_gmt":"2023-09-11T21:22:20","slug":"a-propos-de","status":"publish","type":"page","link":"https:\/\/vigneron-independant-provence13.fr\/index.php\/a-propos-de\/","title":{"rendered":"ESPACE PRESSE"},"content":{"rendered":"\n<div class=\"wp-block-group has-background is-layout-flow wp-block-group-is-layout-flow\" style=\"background-color:#901a33\"><div class=\"wp-block-group__inner-container\">\n<h1 class=\"wp-block-heading has-text-align-center presse has-text-color\" style=\"color:#ffffff\"><strong>ESPACE PRESSE<\/strong><\/h1>\n<\/div><\/div>\n\n\n\n<h2 class=\"wp-block-heading has-text-align-center has-vivid-red-color has-text-color\"><br><br><br><br>Palmar\u00e8s des vins m\u00e9daill\u00e9s du <br><strong>Concours 2019<br>des Vignerons Ind\u00e9pendants<\/strong><\/h2>\n\n\n<div class=\"wp-block-image\">\n<figure class=\"aligncenter size-medium\"><img decoding=\"async\" loading=\"lazy\" width=\"300\" height=\"104\" src=\"http:\/\/vigneron-independant-provence13.fr\/wp-content\/uploads\/2020\/03\/Capture-d\u2019e\u0301cran-2020-03-13-a\u0300-14.28.54-300x104.png\" alt=\"\" class=\"wp-image-780\" srcset=\"https:\/\/vigneron-independant-provence13.fr\/wp-content\/uploads\/2020\/03\/Capture-d\u2019e\u0301cran-2020-03-13-a\u0300-14.28.54-300x104.png 300w, https:\/\/vigneron-independant-provence13.fr\/wp-content\/uploads\/2020\/03\/Capture-d\u2019e\u0301cran-2020-03-13-a\u0300-14.28.54-1024x356.png 1024w, https:\/\/vigneron-independant-provence13.fr\/wp-content\/uploads\/2020\/03\/Capture-d\u2019e\u0301cran-2020-03-13-a\u0300-14.28.54-768x267.png 768w, https:\/\/vigneron-independant-provence13.fr\/wp-content\/uploads\/2020\/03\/Capture-d\u2019e\u0301cran-2020-03-13-a\u0300-14.28.54-1150x399.png 1150w, https:\/\/vigneron-independant-provence13.fr\/wp-content\/uploads\/2020\/03\/Capture-d\u2019e\u0301cran-2020-03-13-a\u0300-14.28.54.png 1348w\" sizes=\"(max-width: 300px) 100vw, 300px\" \/><\/figure><\/div>\n\n\n<div class=\"wp-block-button aligncenter\"><a class=\"wp-block-button__link has-background wp-element-button\" href=\"http:\/\/vigneron-independant-provence13.fr\/wp-content\/uploads\/2020\/03\/CP-presse-Concours-2019.pdf\" style=\"background-color:#901a33\" rel=\"http:\/\/vigneron-independant-provence13.fr\/wp-content\/uploads\/2020\/03\/CP-presse-Concours-2019.pdf\">telechargez<\/a><\/div>\n\n\n\n<hr class=\"wp-block-separator has-css-opacity\"\/>\n\n\n\n<h2 class=\"wp-block-heading has-text-align-center has-vivid-red-color has-text-color\"><br><strong>CONTACTS PRESSE<\/strong><\/h2>\n\n\n\n<h2 class=\"wp-block-heading has-text-align-center has-vivid-red-color has-text-color\">Pour r\u00e9pondre au mieux \u00e0 vos demandes d\u2019interviews, <br>contacts presse : <br><br><br><\/h2>\n\n\n\n<div class=\"wp-block-columns is-layout-flex wp-container-4 wp-block-columns-is-layout-flex\">\n<div class=\"wp-block-column is-layout-flow wp-block-column-is-layout-flow\"><div class=\"wp-block-image\">\n<figure class=\"aligncenter size-large is-resized\"><img decoding=\"async\" loading=\"lazy\" src=\"http:\/\/vigneron-independant-provence13.fr\/wp-content\/uploads\/2020\/03\/LogoBleuTomateBaseline0101jpg_5ccaa1e97a7c6.jpg\" alt=\"\" class=\"wp-image-787\" style=\"width:227px;height:140px\" width=\"227\" height=\"140\" srcset=\"https:\/\/vigneron-independant-provence13.fr\/wp-content\/uploads\/2020\/03\/LogoBleuTomateBaseline0101jpg_5ccaa1e97a7c6.jpg 351w, https:\/\/vigneron-independant-provence13.fr\/wp-content\/uploads\/2020\/03\/LogoBleuTomateBaseline0101jpg_5ccaa1e97a7c6-300x185.jpg 300w\" sizes=\"(max-width: 227px) 100vw, 227px\" \/><\/figure><\/div><\/div>\n\n\n\n<div class=\"wp-block-column is-layout-flow wp-block-column-is-layout-flow\">\n<p class=\"has-text-align-left has-normal-font-size\"><br><strong>Agence BLEU TOMATE<\/strong><br><strong>Magali TRIANO <\/strong><br><a href=\"mailto:magali.triano@bleu-tomate.fr\">presse@bleu-tomate.fr<\/a><br><a href=\"tel:\/\/06 78 24 86 08\">06 78 24 86 08<\/a><\/p>\n<\/div>\n<\/div>\n","protected":false},"excerpt":{"rendered":"<p>ESPACE PRESSE Palmar\u00e8s des vins m\u00e9daill\u00e9s du Concours 2019des Vignerons Ind\u00e9pendants CONTACTS PRESSE Pour r\u00e9pondre au mieux \u00e0 vos demandes d\u2019interviews, contacts presse : Agence BLEU TOMATEMagali TRIANO presse@bleu-tomate.fr06 78 24 86 08<\/p>\n","protected":false},"author":1,"featured_media":828,"parent":0,"menu_order":0,"comment_status":"closed","ping_status":"closed","template":"page-fullwidth-fullimage.php","meta":{"footnotes":""},"_links":{"self":[{"href":"https:\/\/vigneron-independant-provence13.fr\/index.php\/wp-json\/wp\/v2\/pages\/7"}],"collection":[{"href":"https:\/\/vigneron-independant-provence13.fr\/index.php\/wp-json\/wp\/v2\/pages"}],"about":[{"href":"https:\/\/vigneron-independant-provence13.fr\/index.php\/wp-json\/wp\/v2\/types\/page"}],"author":[{"embeddable":true,"href":"https:\/\/vigneron-independant-provence13.fr\/index.php\/wp-json\/wp\/v2\/users\/1"}],"replies":[{"embeddable":true,"href":"https:\/\/vigneron-independant-provence13.fr\/index.php\/wp-json\/wp\/v2\/comments?post=7"}],"version-history":[{"count":50,"href":"https:\/\/vigneron-independant-provence13.fr\/index.php\/wp-json\/wp\/v2\/pages\/7\/revisions"}],"predecessor-version":[{"id":1419,"href":"https:\/\/vigneron-independant-provence13.fr\/index.php\/wp-json\/wp\/v2\/pages\/7\/revisions\/1419"}],"wp:featuredmedia":[{"embeddable":true,"href":"https:\/\/vigneron-independant-provence13.fr\/index.php\/wp-json\/wp\/v2\/media\/828"}],"wp:attachment":[{"href":"https:\/\/vigneron-independant-provence13.fr\/index.php\/wp-json\/wp\/v2\/media?parent=7"}],"curies":[{"name":"wp","href":"https:\/\/api.w.org\/{rel}","templated":true}]}}

<div class="wp-block-group has-background is-layout-flow wp-block-group-is-layout-flow" style="background-color:#901a33"><div class="wp-block-group__inner-container">
<h1 class="wp-block-heading has-text-align-center presse has-text-color" style="color:#ffffff"><strong>ESPACE PRESSE</strong></h1>
</div></div>



<h2 class="wp-block-heading has-text-align-center has-vivid-red-color has-text-color"><br><br><br><br>Palmarès des vins médaillés du <br><strong>Concours 2019<br>des Vignerons Indépendants</strong></h2>


<div class="wp-block-image">
<figure class="aligncenter size-medium"><img decoding="async" loading="lazy" width="300" height="104" src="http://vigneron-independant-provence13.fr/wp-content/uploads/2020/03/Capture-d’écran-2020-03-13-à-14.28.54-300x104.png" alt="" class="wp-image-780" srcset="https://vigneron-independant-provence13.fr/wp-content/uploads/2020/03/Capture-d’écran-2020-03-13-à-14.28.54-300x104.png 300w, https://vigneron-independant-provence13.fr/wp-content/uploads/2020/03/Capture-d’écran-2020-03-13-à-14.28.54-1024x356.png 1024w, https://vigneron-independant-provence13.fr/wp-content/uploads/2020/03/Capture-d’écran-2020-03-13-à-14.28.54-768x267.png 768w, https://vigneron-independant-provence13.fr/wp-content/uploads/2020/03/Capture-d’écran-2020-03-13-à-14.28.54-1150x399.png 1150w, https://vigneron-independant-provence13.fr/wp-content/uploads/2020/03/Capture-d’écran-2020-03-13-à-14.28.54.png 1348w" sizes="(max-width: 300px) 100vw, 300px" /></figure></div>


<div class="wp-block-button aligncenter"><a class="wp-block-button__link has-background wp-element-button" href="http://vigneron-independant-provence13.fr/wp-content/uploads/2020/03/CP-presse-Concours-2019.pdf" style="background-color:#901a33" rel="http://vigneron-independant-provence13.fr/wp-content/uploads/2020/03/CP-presse-Concours-2019.pdf">telechargez</a></div>



<hr class="wp-block-separator has-css-opacity"/>



<h2 class="wp-block-heading has-text-align-center has-vivid-red-color has-text-color"><br><strong>CONTACTS PRESSE</strong></h2>



<h2 class="wp-block-heading has-text-align-center has-vivid-red-color has-text-color">Pour répondre au mieux à vos demandes d’interviews, <br>contacts presse : <br><br><br></h2>



<div class="wp-block-columns is-layout-flex wp-container-4 wp-block-columns-is-layout-flex">
<div class="wp-block-column is-layout-flow wp-block-column-is-layout-flow"><div class="wp-block-image">
<figure class="aligncenter size-large is-resized"><img decoding="async" loading="lazy" src="http://vigneron-independant-provence13.fr/wp-content/uploads/2020/03/LogoBleuTomateBaseline0101jpg_5ccaa1e97a7c6.jpg" alt="" class="wp-image-787" style="width:227px;height:140px" width="227" height="140" srcset="https://vigneron-independant-provence13.fr/wp-content/uploads/2020/03/LogoBleuTomateBaseline0101jpg_5ccaa1e97a7c6.jpg 351w, https://vigneron-independant-provence13.fr/wp-content/uploads/2020/03/LogoBleuTomateBaseline0101jpg_5ccaa1e97a7c6-300x185.jpg 300w" sizes="(max-width: 227px) 100vw, 227px" /></figure></div></div>



<div class="wp-block-column is-layout-flow wp-block-column-is-layout-flow">
<p class="has-text-align-left has-normal-font-size"><br><strong>Agence BLEU TOMATE</strong><br><strong>Magali TRIANO </strong><br><a href="mailto:magali.triano@bleu-tomate.fr">presse@bleu-tomate.fr</a><br><a href="tel://06 78 24 86 08">06 78 24 86 08</a></p>
</div>
</div>

<p>ESPACE PRESSE Palmarès des vins médaillés du Concours 2019des Vignerons Indépendants CONTACTS PRESSE Pour répondre au mieux à vos demandes d’interviews, contacts presse : Agence BLEU TOMATEMagali TRIANO presse@bleu-tomate.fr06 78 24 86 08</p>
